 - -16). Let n(l) = l - 4. What is the units digit of n(h)?
3
Let p = 774 - -2656. What is the units digit of p?
0
Suppose 195 = 6*k - 11*k. Let n = -43 - k. What is the units digit of 36/(-24)*n/6*7?
7
Let p = -23463 - -48336. What is the hundreds digit of p?
8
Let h be 3*10 + 40 + -33. What is the tens digit of 32/6 + h/(-111) - -446?
5
Let d(k) = 16121*k - 4045. What is the ten thousands digit of d(3)?
4
Let g = -1212 - -640. Let i = 1015 + g. What is the hundreds digit of i?
4
Let v = 31251 - 13226. What is the tens digit of v?
2
Let m(s) = -2*s**2 + 182*s - 29. Let y be m(33). Let h = -2613 + y. What is the units digit of h?
6
Let x be (-2)/(-15) - 6290/(-75). What is the units digit of (-1)/6 + 182/x?
2
Let p(o) = -o**3 + 6*o**2 + 7*o + 70. Let i(j) = -j**3 - 3*j**2 + 9*j + 17. Let f be i(-3). What is the units digit of p(f)?
0
Suppose 3*y - 5*x = 165, 2*x + 10 - 4 = 0. Suppose -54*q + 28 = -y*q. Suppose -q*o + 544 = -3*o. What is the units digit of o?
6
What is the units digit of 116/145 - (-144)/20?
8
Let o(r) = -12*r - 58. Let j be o(-5). Suppose 2*v - 5*g = 11 - 29, 4*g - 11 = 5*v. What is the tens digit of (j*v)/((-19)/(-114))?
1
Let l be (2 - 0)*24/16. Let j be (60/(-35))/((-2)/14). Suppose 0 = 2*t, -l*t + 286 = 13*a - j*a. What is the hundreds digit of a?
2
Let p(w) = -11*w**2 + 16*w + 37. Let o be p(-6). What is the units digit of ((-2)/(-13) + (-294)/o)*15?
2
Let a(k) = 4*k + 10. Let s be a(-2). Let v(f) = 12*f + 241*f**s - 11*f - 2*f. What is the hundreds digit of v(1)?
2
What is the ten thousands digit of 89*(9 - -787)*(-8 + (9 - 0))?
7
Let u(d) = 70*d**3 + 13*d**2 - 4*d - 33. What is the tens digit of u(5)?
2
Suppose 4*d + 3 = d, 4*w + 4*d - 36800 = 0. What is the hundreds digit of w?
2
Let d(i) = -15*i**2 - 53*i + 29. Let l(h) = -19*h**2 - 52*h + 28. Let m(x) = -5*d(x) + 4*l(x). What is the units digit of m(28)?
9
Let j(p) = -2*p + 18. Let b(v) = v - 18. Let g(m) = -3*b(m) - 2*j(m). Let n(t) = t**2 + 32*t - 97. Let a be n(-35). What is the units digit of g(a)?
6
Let v = 393 + 1791. What is the thousands digit of v?
2
Suppose -5*z = 4*q - 128341, -5*z = -3*q + 51001 + 45211. What is the ten thousands digit of q?
3
Let m = -3610 + 3868. What is the hundreds digit of m?
2
Let v(p) = -296*p + 39. Let s be v(2). Let j = 702 + s. What is the tens digit of j?
4
Suppose 7*j - 92*j + 1362550 = 0. What is the tens digit of j?
3
Let u be ((-6)/(-9))/((-1)/(-219)). Suppose 7*s = -s + 744. Let f = u - s. What is the tens digit of f?
5
What is the thousands digit of 1657/(9/(-15)*(6 - 354/54))?
4
Suppose 71 = 2*a - 3*s - 151, 3*a = 5*s + 333. Let j = -180 + a. Let d = j - -150. What is the tens digit of d?
8
Let z(w) = 16 + w**3 - 18*w**2 - 15 - 14*w - 60 - 9*w. What is the tens digit of z(20)?
8
Suppose 19*d = 74*d - 9350. What is the hundreds digit of d?
1
Suppose -3*p + 355 = -1022. Let n = 778 - p. What is the hundreds digit of n?
3
What is the units digit of 2 + 52570/(10 - -4)?
7
Suppose 15946 = 15*x - 17879. Suppose -7*y + 489 = -x. What is the tens digit of y?
9
Let o(s) = -3*s**2 + 38*s - 2. Let n be o(13). Let a(z) = 2*z**2 - 20*z - 97. What is the hundreds digit of a(n)?
6
Suppose 0*k + c = k - 694, -2047 = -3*k - 4*c. Let o = -304 + k. What is the tens digit of o?
8
Suppose -3*s + 5*d = -104094, 3*s + 4*d - 76286 - 27835 = 0. What is the units digit of s?
3
Let z(p) = 2*p**2 + 18*p - 25. Suppose 5*d - 105 = 5*j, -2*j - 4 + 34 = d. What is the units digit of z(d)?
9
Suppose 113*s - 358030 = 206518. What is the thousands digit of s?
4
Suppose 0 = 78*f - 16*f - 496. Let z(n) = 85*n - 156. What is the units digit of z(f)?
4
Let z = 53 + -48. Suppose 0 = 3*r + 5*v - 2546, -r + 2*v + 850 = z*v. Suppose 7*w = -0*w + r. What is the hundreds digit of w?
1
Let g(j) = 24*j**3 - 3. Let a(x) = -49*x**3 + x + 7. Let p(w) = 2*a(w) + 5*g(w). Suppose 1 = -6*f + 7. What is the tens digit of p(f)?
2
Let d = -1314 + 2875. What is the hundreds digit of d?
5
What is the hundreds digit of -40*(2 + 0 - (-3255)/24*-10)?
1
Let c be (-27)/2 - (-19)/(-38). Let r(u) = -u**3 - 9*u**2 - 25*u + 46. What is the thousands digit of r(c)?
1
Let t be (-13)/2 + 1*(-2)/(-4). Let a be ((-16)/t + -2)*(-36)/(-24). Let d(r) = 42*r**2 - r + 1. What is the tens digit of d(a)?
4
Let s be 1 + 1 + 640 - (-41 + 45). Suppose 3*x = 2*c - s, 0 = -4*c + 5*x - 2*x + 1282. What is the hundreds digit of c?
3
Let y = -21539 - -71837. What is the ten thousands digit of y?
5
Suppose 0 = -4*t + 5*n - 9, 3*t - 4*n + 36 = 7*t. Suppose 3*z - 4*o - 834 = z, -t*o = -z + 409. What is the hundreds digit of z?
4
Let b = -37 + -58. Let h = b - -351. Suppose -4*x = 8 - h. What is the units digit of x?
2
Let m = 64 - 59. Suppose 9 + 0 = 3*k + 3*p, 2*p = -m*k + 6. Let d(r) = r**3 - r**2 - 2*r + 248. What is the units digit of d(k)?
8
Let p(v) be the second derivative of -4*v + 13/2*v**2 - 2/3*v**3 + 0. What is the units digit of p(-13)?
5
Let u(x) = 4*x + 16. Let a be u(3). Suppose 0 = -z + i + 7, -2*z + 2*i = 2*z - a. Suppose z*l = 9*l - 172. What is the units digit of l?
6
Let o be 7*((-120)/42)/1. What is the units digit of (341/2 - 7)/((-6)/o)?
5
Let k(v) = 104*v + 3. Let m(q) = 207*q + 6. Let f(o) = -5*k(o) + 3*m(o). Let r be f(1). Suppose -r = -6*z - 2*z. What is the tens digit of z?
1
Let s(p) = 6*p**2 - 11*p + 311. Suppose -56 - 79 = -9*l. What is the units digit of s(l)?
6
What is the hundreds digit of (-23885)/(-34) + 3/6?
7
What is the units digit of 2995*(2/12*45)/(13/26)?
5
Suppose -d = 4*z + 1, -z - z + 5 = d. Suppose 6816 = d*m - 2567. What is the tens digit of m?
5
Let t(u) = u**3 - 10*u**2 + 13*u - 15. Let b be t(8). Let v = b - -42. What is the units digit of ((-68)/v)/(2/(-3)) - -1?
5
Let a(o) = o**3 - 13*o**2 - 34*o + 218. What is the units digit of a(21)?
2
Let r be 4799584/(-80) + (-1)/5. What is the tens digit of 36/(-66) - r/143?
1
Suppose -34 = q - 43. Let d(s) = s + 18 - 9*s + 54*s**2 - 42*s**2 - s**3. What is the hundreds digit of d(q)?
1
Let c(w) = -w**3 - 2*w**2 - 30*w - 12. Let o be c(-11). Let r = -920 + o. What is the tens digit of r?
8
Let y be (-94)/24*-2 + 6/36. Suppose -3*t - y*t + 429 = 0. Suppose 0 = -5*u + 11 + t. What is the tens digit of u?
1
Let m = 50 - 46. What is the hundreds digit of (0 - m) + (-36)/(-9) + 117?
1
Let j be 8/(15/9 + -1). Let o(d) = 3*d**2 - 10*d + 31. What is the tens digit of o(j)?
4
Suppose 4*d + 14 = 42. Suppose 800 = d*g + 2. Let b = 3 + g. What is the tens digit of b?
1
Suppose -5*r - 3 = -l + 2, -3*r = 3. Suppose 0 = -u - l*u + 3*j + 30, 3*j - 165 = -4*u. Suppose -2*y = -23 - u. What is the units digit of y?
1
Let z be 3/((-6)/299)*-14. Suppose -5*b = 3*v - 12 - z, -4*v + 2768 = -3*b. What is the hundreds digit of v?
6
Suppose 3174 + 33451 = -0*j + 5*j. What is the thousands digit of j?
7
Suppose 0 = -5*g - 84 + 169. Suppose -4*m = -y - 128, 0*y - 4*y = -m + g. Let p = m + -16. What is the tens digit of p?
1
Let n(w) = -17*w + 2. Let y be n(15). Let t = y + 369. Suppose 7*d - t = 409. What is the tens digit of d?
7
Let q(i) = -29*i + 3 - 7 + 2 + 1. Let c be q(-9). Suppose 2*y - 7*y + c = 0. What is the units digit of y?
2
Suppose 41039 = 20*z - 61661. What is the thousands digit of z?
5
Let j be 38/(-285) + (-64)/(-30). Suppose 5*l - 262 = -n, 0*l - j*l - 572 = -2*n. What is the hundreds digit of n?
2
Suppose m = 4*r + 7855, 820*m - 39344 = 815*m - 3*r. What is the units digit of m?
7
Suppose -d + 1 = 3*x + 7, -6 = -3*d - x. Suppose -8*n = -5*n - d*p - 3438, 0 = n + p - 1150. What is the units digit of n?
8
Let z(y) = y + 9. Let c be z(7). Let b = c + -40. What is the tens digit of ((-53)/(-3))/((-4)/b)?
0
Let h(w) = -w**3 - 2*w**2 + w - 2. Let n be h(-3). Suppose -n*f = -133 - 15. Suppose 41 + f = u. What is the units digit of u?
8
Let b = 104049 + -60930. What is the units digit of b?
9
Let r(j) = 10*j + 23. Let t be r(4). What is the tens digit of (-16)/28 + 12447/t?
9
What is the thousands digit of -16*(-1659)/28*(41 - 0)?
8
Let c be (-1 - (-4)/3)/((-4)/996). Let w = -80 - c. Suppose -w*r + 2*r + 134 = 0. What is the units digit of r?
4
Let a = -229 - -233. Suppose a*r - 3*o - 301 = 0, -41*r - 5*o = -38*r - 204. What is the tens digit of r?
7
Let a = -79 - -111. Let d be 1 - ((-24)/a)/((-2)/8). What is the hundreds digit 